en 288 is divided by 3/((-9)/2) + -295*245/(-525).
14
Let w(p) = 5*p**2 + 53*p - 30. Let q be w(-23). Suppose 12*t - 6760 = -q. What is the remainder when t is divided by 50?
47
Let k = -54 + 57. Suppose -306 = k*o + 4*w + 55, -124 = o + 5*w. Let n = -85 - o. What is the remainder when n is divided by 13?
8
Suppose 3*h - 21025 = -22*h - 4125. Calculate the remainder when h is divided by 113.
111
Let w(b) = 44*b + 2790. Calculate the remainder when w(-19) is divided by 4.
2
Let y(t) = -4*t**2 + 56*t + 19. Calculate the remainder when 4310 is divided by y(14).
16
Calculate the remainder when 78 is divided by 29029/1711 + (-10)/(-295).
10
Let v(r) = -1. Let c(d) = 3*d - 7*d + 40 + 3*d. Let j(n) = c(n) + 2*v(n). What is the remainder when j(-11) is divided by 5?
4
Let a(n) = 6*n**2 - 231*n - 1655. What is the remainder when a(-7) is divided by 156?
100
Let q be (-2)/(-3 + (-20)/(-7)). Suppose 0 = -3*x + q + 16. What is the remainder when 158 is divided by x?
8
Suppose -35*h + 95*h - 218220 = 0. Calculate the remainder when h is divided by 91.
88
Let x(d) = -3*d**2 + 198*d + 44. What is the remainder when x(66) is divided by 30?
14
Suppose 46519 = -1628*x + 188155. Suppose -k + 6*k - 2*g - 140 = 0, -112 = -4*k - 2*g. Calculate the remainder when x is divided by k.
3
Suppose 274 - 208 = -18*b + 1254. What is the remainder when 504 is divided by b?
42
Let b = 6547 - 6153. Calculate the remainder when b is divided by 129.
7
What is the remainder when 893 is divided by (18/(-81))/(4/(-90))?
3
Suppose 638 = 7*h + 183. Let w = h - 54. Suppose k - 4*t - 20 = -3*k, 4*k - 5*t - 22 = 0. Calculate the remainder when w is divided by k.
2
Let d(q) be the first derivative of -q**4/4 - 14*q**3/3 + 13*q**2 - 4*q - 15. Calculate the remainder when d(-16) is divided by 25.
17
Let k = -64 - -97. Suppose 3*x = 3*l - 0*x + 15, 5*l + 20 = 4*x. Suppose -20 = -4*p + 3*p + 2*b, l = -b - 1. What is the remainder when k is divided by p?
15
Let p(b) = 4*b - 5. Let j(o) = -o**3 - 4*o**2 - 2*o - 3. Let q be (28 - 20)*(-2)/4. Let a be j(q). Calculate the remainder when 149 is divided by p(a).
14
Suppose 4 = 4*m - 8. Suppose -5*g = -4*l + 2, 0 = -3*l - m*g + 3 + 12. Let b = 52 - l. Calculate the remainder when b is divided by 10.
9
Let f = -6 + 30. Let z = -157076 + 157107. What is the remainder when z is divided by f?
7
Let w(b) = -b**3 + 12*b**2 - 11*b + 6. Let t be w(11). Suppose 0 = -l + x + 80, l + 4*x = t*l - 400. What is the remainder when l is divided by 21?
17
Let l = -44 - -14. Let r = l + 52. Let c = -8907 + 8913. Calculate the remainder when r is divided by c.
4
Let y(z) = -z**2 + 48*z - 129. Calculate the remainder when y(39) is divided by 192.
30
Let z = -66 + 83. Calculate the remainder when 1/(-3 - 688/(-228)) is divided by z.
6
Suppose -l + 18*l - 85 = 0. Suppose v - 2*v + 7 = -a, 1 = 5*a + 4*v. Calculate the remainder when 9 + (a/(-6))/(1/2) is divided by l.
0
Suppose -y = 2, 0 = s - 4*y - 9. What is the remainder when 56 is divided by (-2 + 1)/(80/84 - s)?
14
Suppose 73*a - 75*a = 2*b - 400, -b - 4*a + 197 = 0. What is the remainder when 3013 is divided by b?
199
Calculate the remainder when 231 is divided by 10 + 1 - (16 + -16).
0
Let c = 721 - -11067. What is the remainder when c is divided by 22?
18
Let f = -16876 + 16949. Calculate the remainder when 248 is divided by f.
29
Calculate the remainder when (-3)/(-54) - 408580/(-360) is divided by 32.
15
Let k = 138 + -39. Suppose -9*j + k = -0*j. Suppose -5*u - d + j = -2*u, 4*d - 20 = -4*u. What is the remainder when 11 is divided by u?
2
Suppose -4*l = -15*m - 1288, 0 = -0*l + 2*l - 5*m - 654. Calculate the remainder when l is divided by 46.
15
Let p(q) = 179*q + 1855. Suppose -4*s - 764 = -4*z, -z = -2*z + 2*s + 192. Calculate the remainder when z is divided by p(-10).
60
Let r be 5 - -20 - (6/1)/3. Suppose 2*g - 46 = -3*w, -8*w = g - 3*w - r. Calculate the remainder when g is divided by 6.
5
Let b(c) = c**2 + 30*c + 81. Let a be b(-27). Suppose 4*o + 774 - 898 = a. Calculate the remainder when 150 is divided by o.
26
What is the remainder when 321 is divided by ((-401)/(-3) - 21)/((-2)/(-3))?
152
Let k(p) = 184*p - 716. What is the remainder when 312 is divided by k(4)?
12
Suppose 0 = 5*b - 5*n - 125, -b - n + 17 = -6*n. Suppose -b*f + 1006 = -1424. What is the remainder when 446 is divided by f?
86
Let f be ((-7)/14)/((-2)/(-48)). Let k(h) = -h**3 - 12*h**2 + 2*h + 32. What is the remainder when 25 is divided by k(f)?
1
Suppose k - 7452 = -2*f, -25*f + 4*k = -30*f + 18636. What is the remainder when f is divided by 162?
160
Let r(v) = -v**3 + 62*v**2 - 174*v - 173. What is the remainder when 1536 is divided by r(59)?
0
Suppose 3*p + 11 = -10. Let w(h) be the second derivative of -h**5/20 - 7*h**4/12 - h**3/6 + 4*h**2 - 4*h. What is the remainder when 42 is divided by w(p)?
12
Let k be (-52)/((((-5)/7)/5)/(-4)). What is the remainder when k/(-39) - 4/3 is divided by 30?
6
Suppose -19740 = -64*o - 85*o - 86*o. What is the remainder when 833 is divided by o?
77
Let n(s) = s**3 - 11*s**2 + 2*s + 1. Let u be n(9). Let b = 267 + u. What is the remainder when b is divided by 42?
40
Let b = -42 + 54. Suppose -q + 247 = b*q. Calculate the remainder when 131 is divided by q.
17
Let v = -17806 - -25136. Calculate the remainder when v is divided by 39.
37
Let m = 1004 + -1001. Suppose -10*a = -p - 5*a + m, p - a = 15. Calculate the remainder when 320 is divided by p.
14
Let g be -1 - (31/155)/((-2)/(-10)). What is the remainder when 33 is divided by (g/(-4))/(5/90)?
6
Suppose 24*a + 5*a = -9889. Let k = -182 - a. What is the remainder when k is divided by (-4)/(-10) + (-316)/(-10)?
31
Suppose 3*y + 123 - 111 = 0. Calculate the remainder when 97 is divided by y/(-14) + 1211/49.
22
Suppose -2*y + 22 = -92. Suppose 0 = -9*c + y + 33. Calculate the remainder when 6/2 + 26 + -4 is divided by c.
5
Let n = 15260 - 14257. What is the remainder when n is divided by 202?
195
Suppose -4*k + 58 = -24*a + 27*a, -63 = -9*k. Calculate the remainder when 1123 is divided by a.
3
Let q be 1*(0 - -1)*-83. Let y = q + 79. Calculate the remainder when y*5/(-110) - (-1164)/11 is divided by 27.
25
Let d(j) = 102*j**2 - 5098*j - 88. Suppose -y + 35 = 5*p, 4*y = -2*p + 51 + 161. What is the remainder when y is divided by d(50)?
7
Suppose -11*y + 7 = -15. Suppose t = 5, 5*c - c = y*t + 490. Calculate the remainder when c is divided by 9.
8
Suppose 151*v + 372 = 1429. What is the remainder when 207 is divided by v?
4
Let k(m) be the first derivative of 5*m**3/3 + 7*m**2 + 3*m - 84. Calculate the remainder when k(-7) is divided by 48.
6
Calculate the remainder when 9500 is divided by (4749/2)/(11 + (-123)/12).
2
Let c = 5 - -114. What is the remainder when c is divided by (2/(-6))/((-4)/60)?
4
Suppose -2862 = -3*s + 2*h - 2831, -3*s = 5*h + 4. Let o(j) = -5*j - 1. Let w be o(1). Let m = -4 - w. What is the remainder when s is divided by m?
1
Let s(z) = -z**3 + 3*z**2 + 3*z - 1. Let q be s(2). Suppose q = -20*p + 29. What is the remainder when 4 is divided by p?
0
Let x(k) = -k**3 + 2*k**2 + 2*k + 5. Let s be x(0). Suppose -s*c + 4*h + 194 = 0, -9*c - h + 172 = -5*c. Calculate the remainder when c is divided by 34.
8
Suppose -2*d - 43 = -61. Suppose q = 3*l + 12, 0*q + l - 12 = -5*q. What is the remainder when (-4 - -5) + d/(-1 - -4) is divided by q?
1
Let k(v) = v**3 - 5*v**2 + 5*v - 44. What is the remainder when 635 is divided by k(7)?
12
Let q = 395 - 252. Let x(f) = f**2 + 70*f + 722. What is the remainder when q is divided by x(-59)?
70
Let i(f) = -12*f - 54. Suppose -z + 6 = 8, -2*r - 8 = -2*z. Let h = -28 + 63. What is the remainder when h is divided by i(r)?
17
Let u(c) = 7*c**3 + 44*c**2 + c - 67. Let o(l) = -9*l**3 - 43*l**2 - 2*l + 68. Let y(f) = 3*o(f) + 4*u(f). Calculate the remainder when 48 is divided by y(-47).
18
Suppose 5*z = -5*u + 154 + 101, -z = -4*u - 66. Suppose 8*x = 122 + 14. Suppose 3*o - 560 = -x*o. Calculate the remainder when z is divided by o.
26
What is the remainder when 3114 is divided by (((-56)/(-42))/(20/(-18)))/((-3)/2580)?
18
Let a = -164350 + 164971. Suppose 3*m = -3*l + 72, -l = -4*m - 7 - 27. Calculate the remainder when a is divided by l.
23
Let s(d) = -d**3 - 25*d**2 + 116*d + 54. What is the remai